0)*(-30)/9?
8
Let j(n) = 2*n + 7 + 2*n + 2 - 3*n. What is the tens digit of j(8)?
1
Suppose i = 2*t - 3*i - 272, 0 = 5*t + 4*i - 652. What is the units digit of t?
2
What is the tens digit of (-927)/2*(24/18 - 2)?
0
Let g = 31 + -11. Suppose 2*z - 38 = g. What is the tens digit of z?
2
What is the tens digit of 2/(3 - (-265)/(-90))?
3
Let o = 174 + -59. What is the hundreds digit of o?
1
Suppose l = 4*o - 10, 4*o + 7*l - 2*l - 22 = 0. Let m(y) = -2*y + 2*y**2 + 4*y - 6*y + 3. What is the units digit of m(o)?
9
Suppose -r - 98 = -0*y - y, 4*r = -4*y + 400. What is the units digit of y?
9
Let s(n) = 4*n**2. Let j be s(1). Suppose -59 = -j*m + 101. What is the tens digit of m?
4
Let k(c) be the third derivative of -1/60*c**5 - c**2 - 5/24*c**4 + 0 + 0*c + 1/6*c**3. What is the units digit of k(-5)?
1
What is the units digit of (-6)/(24/22)*-26?
3
Let k = -4 + 3. Let a(b) = -11*b**3. Let w be a(k). Suppose w + 1 = 4*t. What is the units digit of t?
3
Let j be 5 - 2 - 5 - -3. What is the tens digit of 2/(-2) - (-29 + j)?
2
Let l be 5*1*6/15. Suppose -5*o = 4*t - 1, 3*t + l*o = t + 2. What is the units digit of t?
4
Let y(t) = -t**2 - 9*t - 1. Let x be y(-6). What is the units digit of x - (3 - 3/1)?
7
Suppose 5*i + 2 = 27. Let h = -3 + 8. Suppose -i*o = -5*g - h, -g + 3 = -o + g. What is the units digit of o?
5
Let j(r) be the first derivative of -r**4/4 - 7*r**3/3 + 4*r + 1. Let o be j(-7). Suppose -12 = -o*m + 3*m. What is the tens digit of m?
1
What is the hundreds digit of ((-1)/1)/((-4)/604)?
1
Let q(x) = -x**3 - 9*x**2 + 22*x + 24. What is the units digit of q(-12)?
2
Let n = -12 + 7. What is the units digit of 3/(-15) + (-11)/n?
2
Let f(g) = g**2 - 7*g + 6. Let b be f(6). Suppose b = -5*x - 5, 0*t - 4*x = -3*t + 73. What is the units digit of t?
3
Suppose 4*q + q + 20 = 0, -3*l - 41 = 2*q. Suppose -3*t + 2*d = 34, 12 = -4*t - 2*d - 2*d. Let p = t - l. What is the units digit of p?
3
Let n be ((-8)/4)/(2 - 3). Let j = n + 14. Suppose -1 = 2*w - 3*f, -6*f + j = w - 2*f. What is the units digit of w?
4
Suppose -7 = -0*h - h. Suppose -a = -6*a - 4*p - h, -5*p - 18 = -3*a. Let g = a - 0. What is the units digit of g?
1
Suppose 0 = -3*y - y - 12. What is the units digit of (8/y)/((-3)/18)?
6
Let g(i) = -5*i - 3. Let z be g(-2). Suppose -4 + 0 = q. Let l = q + z. What is the units digit of l?
3
Let x(d) = 2*d**2 - 28*d - 1. What is the units digit of x(16)?
3
Let i(l) = l**2 + 2. Let p be i(0). Let f be p - 0 - (-4)/4. Suppose f*r = 37 - 4. What is the units digit of r?
1
Suppose 6*b = 5*b + 20. What is the tens digit of b?
2
Suppose 0 = l - 9 - 11. What is the tens digit of l?
2
What is the units digit of (-10 - -8) + 99*1?
7
Let j(y) = -2*y**2 - 70*y - 44. What is the tens digit of j(-30)?
5
Let m = -113 + 201. What is the units digit of m?
8
Let o = -61 - -117. What is the tens digit of o?
5
Let t(b) = 20*b - 23. What is the units digit of t(4)?
7
Let c = 3 - -1. Suppose 0 = 2*h, -2*r - h + 38 = -c*h. What is the units digit of r?
9
Suppose 4*o - 23 = 1. Suppose -w - o = -18. What is the units digit of w?
2
Let j = 39 + -28. Suppose -j*f + 4 = -9*f. Suppose -51 = -3*q + p + f*p, 5*p - 59 = -3*q. What is the tens digit of q?
1
Suppose 0 = b - 8. Suppose 2*o - 14 = -3*l + o, 0 = 2*o + b. Suppose u - l + 4 = 0. What is the units digit of u?
2
Let s(f) = f**2 - 1 - 4 + 3 + 3 + 5*f. Let l be s(-7). What is the tens digit of l + (1 - (-3 + 6))?
1
Let s(z) = 2*z**2 + 2*z + 1. Suppose n = 5*q - 0*n - 12, 4*q = -3*n + 21. What is the tens digit of s(q)?
2
Let c(s) = 12*s - 1. Let d be c(5). Suppose 0 = -5*o + 10, -3*i = -2*o + 6*o - 17. Suppose -a - r = 3*a - d, -9 = -i*r. What is the units digit of a?
4
Let v(k) = 18*k. Let i be v(1). Suppose -u - u = i. Let m = u + 18. What is the units digit of m?
9
Let w = 0 + 8. Suppose -5*t + 5*j = -45, 5*j - w = 4*t - 49. Suppose 0 = -f + 6 + t. What is the tens digit of f?
1
Let d = -36 + 143. What is the hundreds digit of d?
1
Let v(q) = -q**3 + q**2 + 4*q - 2. Let w(k) = k - 10. Let j be w(7). What is the tens digit of v(j)?
2
Let z(g) = g**3 + 7*g**2 + 6*g + 7. Let u be z(-6). Suppose q - 3 = u. Let k(w) = -w + 12. What is the units digit of k(q)?
2
Let q = 0 + 4. Suppose -2*d = 3*i + d - 48, 2*i = 4*d + 2. Suppose i = 4*w - 5, -2*t = -5*w - q. What is the tens digit of t?
1
Suppose h - 8 = 6. What is the units digit of h?
4
Suppose 1 + 3 = 2*k. Suppose -k*c = 2*c. What is the units digit of c - -1*(-6)/(-3)?
2
Let o(q) = -q**3 - 7*q**2 - 8*q - 7. Let u be o(-6). Suppose 4*z = -12, -u*j - 5*z + z + 13 = 0. What is the units digit of j?
5
Let i(a) = a**2 + 4*a + 3. Let o be i(-2). Let p = 1 - o. Suppose 26 = 3*m + p. What is the units digit of m?
8
Let g(t) = 12*t**2 - 20*t + 10. Let y(v) = v**2 - v + 1. Let c(r) = g(r) - 10*y(r). What is the units digit of c(7)?
8
Let t(h) = 2*h - 4. What is the units digit of t(5)?
6
Suppose -5*j - 3*u = -4*j + 11, -4*u - 16 = 0. What is the units digit of j?
1
Let m(u) = -u**2 + 1. Let x(p) = -13*p**3 - 3*p**2 - 2*p + 5. Let c(b) = -4*m(b) + x(b). Let k be c(1). Let y = -4 - k. What is the units digit of y?
9
Suppose 5*c = -5*d - 11 - 19, -4*d = 4. Let z(n) = n**2 + 3*n - 3. What is the units digit of z(c)?
7
Suppose 0*s - 5*s + 46 = a, 0 = 2*a - 3*s - 53. What is the units digit of a?
1
Suppose -3*j = -3*u - 24, 5*j = -u + 5 - 1. What is the units digit of (u + 4)/((-2)/5)?
5
Let a(p) = -3*p - 3. Let f(c) = -2 + 4*c**2 - 3*c**2 - 2*c**2 + 3*c. Let q be f(3). What is the units digit of a(q)?
3
Let s = -23 - -49. What is the units digit of s?
6
Let c be 27/12 - (-1)/(-4). Suppose 16 - 6 = 2*x - c*m, 0 = -2*x - 3*m - 15. Suppose r = -j + 5*r + 7, 2*j + 2*r - 14 = x. What is the units digit of j?
7
Suppose -4*r + 3*r + 4*p = -5, 0 = 2*r + 4*p + 2. Let i be -2 - (-11 + 1)*r. Suppose -2*x + i = 0, 2*q + 4*x - 6 = 3*q. What is the tens digit of q?
1
Let t(k) be the first derivative of -2/3*k**3 + 1/4*k**4 + 3 - 2*k - 5/2*k**2. What is the units digit of t(4)?
0
Suppose 29*s = 45*s - 160. What is the tens digit of s?
1
Let a = -1 - -2. Suppose a - 3 = -2*k. Suppose 0 = q - 5*n - k - 31, 5*q - 76 = 4*n. What is the units digit of q?
2
Let f be ((-27)/(-6))/((-3)/6). Let q(z) = -z**3 - 8*z**2 + 9*z + 11. What is the tens digit of q(f)?
1
Suppose -25*o = -23*o - 240. What is the units digit of o?
0
Let j be (27 + 3)/((-2)/(-3)). What is the tens digit of -3 + -5 + 4 + j?
4
Suppose 0 = -7*i + 1157 + 159. What is the hundreds digit of i?
1
Let f(o) = 3*o - 4. Let n be f(-7). Let j = n - -47. What is the tens digit of j?
2
Let m be 2 - 5 - (-6)/3. Let h(s) = 6*s**2 - s - 1. What is the units digit of h(m)?
6
What is the units digit of 1 - -106 - (2 + 1)?
4
What is the units digit of (-15)/9*(-18)/6?
5
Let h = -7 - -12. Suppose r + 4*o = -r + 44, 0 = h*r + o - 110. What is the units digit of r?
2
Suppose 0 = c - 6 - 13. What is the tens digit of c?
1
Suppose 0 = -3*a, 2*a - 6 = -2*f - 2*a. Suppose 0*o - 12 = -f*o. Let r = 3 + o. What is the units digit of r?
7
Let d(r) = -r**3 - 12*r**2 + 14. Let z be d(-12). Let v = 2 + z. What is the tens digit of v?
1
Let i = 26 - 26. Suppose i = -4*j + 191 + 17. What is the units digit of j?
2
Let f(u) = u**3 + 10*u**2 - 3*u + 14. Let s be f(-10). Suppose -5*w = -k - 14, -k - 3*k - 5*w + s = 0. What is the units digit of k?
6
Let a(o) = -1. Let w(v) be the first derivative of -v**3/3 + 5*v**2 - 5*v + 1. Let c(r) = 4*a(r) - w(r). What is the units digit of c(10)?
1
Let d be (-24)/(-18)*(-3)/(-2). Suppose d*x - x = 13. What is the units digit of x?
3
Let q(o) = 2*o + 3. What is the units digit of q(0)?
3
Suppose -4*d = -2*x - 2*d + 12, 5*d = -5*x. What is the units digit of 12*3*x/9?
2
Suppose -5*n - 35 = -5*m, -4*m + 31 = -5*n - m. Let c(g) = -g + 2. Let s(q) = q - 2. Let h(y) = n*s(y) - 6*c(y). What is the units digit of h(4)?
2
Suppose 3*t - b = 442, b = -5*t - 97 + 839. What is the hundreds digit of t?
1
Let o = 434 - 55. What is the hundreds digit of o?
3
Suppose 2*q - q - 4 = 0. Suppose 0 = q*r + r - 30. Suppose r*p = 2*p + 4. What is the units digit of p?
1
Suppose 11 = -5*i - 4*f, 5*f + 6 = 4*i - 18. Let r(g) = -1 - i - 3*g + 4*g. What is the units digit of r(4)?
2
Suppose 21 = 3*z + 3. Let j = z - 5. What is the units digit of j?
1
Let d(o